4264?
True
Does 878 divide 46853120?
False
Is 1240 a factor of 1750424920?
True
Does 85 divide 168112575?
True
Is 95 a factor of 85411345?
False
Is 1672193235 a multiple of 15?
True
Is 10 a factor of 233545591?
False
Is 30 a factor of 31993587?
False
Is 2260 a factor of 416231895?
False
Does 146 divide 125700452?
True
Does 1717 divide 18966521?
False
Is 2587 a factor of 88374748?
False
Is 300701669 a multiple of 2?
False
Is 2096 a factor of 198802369?
False
Does 88 divide 841213032?
True
Does 83 divide 694077208?
True
Is 23 a factor of 53277936?
True
Is 783 a factor of 319752927?
True
Is 61 a factor of 123474126?
True
Is 545328935 a multiple of 3294?
False
Does 27 divide 364042317?
False
Does 3187 divide 185039795?
False
Is 37628644 a multiple of 13?
False
Does 65 divide 30307290?
True
Is 646964928 a multiple of 1728?
True
Does 2800 divide 302501596?
False
Does 422 divide 79609897?
False
Is 10 a factor of 46284230?
True
Is 11 a factor of 5383131?
False
Is 159 a factor of 38067953?
False
Is 176 a factor of 5448396398?
False
Is 124 a factor of 216318992?
True
Does 61 divide 313309421?
False
Is 521 a factor of 402645993?
True
Is 1179 a factor of 91992828?
False
Does 717 divide 697854246?
False
Is 11489332 a multiple of 26?
False
Does 813 divide 253183446?
False
Is 231944145 a multiple of 317?
True
Does 12 divide 297657384?
True
Does 14 divide 65872337?
False
Does 924 divide 914329350?
False
Is 2153 a factor of 1614898557?
True
Does 268 divide 1738088004?
True
Does 607 divide 30933599?
False
Does 161 divide 48036598?
False
Is 55 a factor of 2942796?
False
Is 272 a factor of 2941179?
False
Is 444407608 a multiple of 5?
False
Does 4 divide 157194983?
False
Does 883 divide 80811040?
False
Does 2229 divide 1509818207?
False
Is 149 a factor of 5723470?
False
Is 860 a factor of 161866566?
False
Is 1770 a factor of 206914724?
False
Is 18 a factor of 58836861?
False
Does 200 divide 10328000?
True
Is 383 a factor of 198138970?
False
Is 251 a factor of 13388582?
False
Is 5 a factor of 256176458?
False
Is 69 a factor of 204899275?
False
Is 337 a factor of 804332054?
True
Does 2766 divide 26888568?
False
Is 24786968 a multiple of 589?
False
Is 822 a factor of 252338032?
False
Is 90 a factor of 14610240?
True
Is 738170901 a multiple of 13?
True
Does 361 divide 2105895083?
False
Does 301 divide 53315829?
True
Does 74 divide 2369881228?
True
Is 139 a factor of 76303242?
False
Does 2 divide 126649785?
False
Does 8 divide 477223792?
True
Does 37 divide 2674989?
True
Is 583 a factor of 7513704?
True
Is 2706 a factor of 214182606?
True
Does 259 divide 101303965?
True
Does 156 divide 38416872?
True
Does 16 divide 20589744?
True
Is 9 a factor of 148881996?
True
Does 10 divide 778726336?
False
Is 148 a factor of 6442267?
False
Is 19467972 a multiple of 36?
True
Is 36634861 a multiple of 7?
False
Does 329 divide 135669302?
False
Is 4437995856 a multiple of 16?
True
Does 64 divide 636644608?
True
Is 30888452 a multiple of 2?
True
Is 7911 a factor of 2186632044?
True
Is 203 a factor of 50563849?
True
Is 3649476663 a multiple of 4599?
True
Is 79324680 a multiple of 8?
True
Does 14 divide 153669531?
False
Is 41 a factor of 824497?
False
Is 52 a factor of 321507160?
True
Is 5168 a factor of 442665040?
True
Is 105582149 a multiple of 143?
False
Is 6075300 a multiple of 5?
True
Is 31889532 a multiple of 12?
True
Is 29 a factor of 2583033632?
False
Is 57 a factor of 201884481?
True
Is 11 a factor of 153280567?
True
Does 14 divide 238674502?
False
Is 150468125 a multiple of 95?
True
Is 305 a factor of 526111885?
True
Is 724 a factor of 24976549?
False
Does 3323 divide 2076740735?
False
Is 280361151 a multiple of 9?
True
Does 10 divide 394769344?
False
Is 62 a factor of 405807714?
False
Does 19 divide 44974954?
False
Is 1633669560 a multiple of 1215?
True
Does 28 divide 1015184408?
True
Is 52 a factor of 60735168?
True
Is 85389569 a multiple of 1306?
False
Is 469 a factor of 700496993?
True
Does 20 divide 3928280?
True
Is 636854960 a multiple of 140?
True
Is 870 a factor of 1383460528?
False
Is 6 a factor of 158717458?
False
Is 574065535 a multiple of 4?
False
Is 50 a factor of 7442364?
False
Does 31 divide 110203543?
True
Is 59 a factor of 36048781?
False
Is 758 a factor of 2680510786?
False
Is 2 a factor of 636906?
True
Is 545 a factor of 427021670?
True
Is 1443 a factor of 34585430?
False
Does 28 divide 21573412?
True
Is 10976698 a multiple of 2348?
False
Is 288028283 a multiple of 10?
False
Is 1062466 a multiple of 3?
False
Is 489292128 a multiple of 468?
True
Is 43792386 a multiple of 6?
True
Is 9942139 a multiple of 1296?
False
Does 38 divide 162441678?
True
Does 381 divide 3614884133?
False
Is 41 a factor of 363406679?
False
Is 885851901 a multiple of 7611?
True
Is 254777953 a multiple of 2024?
False
Is 523002773 a multiple of 2?
False
Does 128 divide 7996160?
True
Is 1023360360 a multiple of 120?
True
Does 1607 divide 2799715829?
False
Does 3012 divide 96405641?
False
Is 25 a factor of 622325?
True
Does 81 divide 244460914?
False
Does 23 divide 512984180?
True
Is 293892348 a multiple of 380?
False
Is 312 a factor of 3586331983?
False
Is 749233569 a multiple of 82?
False
Is 21547292 a multiple of 38?
True
Is 172471936 a multiple of 32?
True
Does 14 divide 245002940?
True
Is 19 a factor of 526096182?
False
Is 8 a factor of 6990688?
True
Does 1084 divide 547156159?
False
Does 3447 divide 285135840?
True
Is 2364827400 a multiple of 1404?
True
Is 522803160 a multiple of 1485?
True
Is 6151733 a multiple of 31?
True
Does 3 divide 11915257?
False
Is 3421855 a multiple of 54?
False
Is 8 a factor of 180328?
True
Is 2986569530 a multiple of 95?
True
Is 1655 a factor of 28129838?
False
Is 3 a factor of 351512835?
True
Is 13914345 a multiple of 12?
False
Does 1481 divide 253847697?
False
Is 1618 a factor of 250354758?
True
Does 188 divide 201633947?
False
Is 7593374 a multiple of 1422?
False
Is 1729330008 a multiple of 8764?
True
Does 623 divide 262626896?
True
Does 2 divide 638890266?
True
Does 131 divide 372163402?
True
Is 291201504 a multiple of 212?
True
Does 471 divide 379409811?
True
Does 430 divide 1553489959?
False
Is 579 a factor of 317140069?
False
Does 19 divide 30801344?
False
Is 1638756537 a multiple of 74?
False
Is 560873600 a multiple of 3920?
True
Is 5867520 a multiple of 3?
True
Is 151 a factor of 1058783914?
True
Does 65 divide 506538435?
True
Does 570 divide 83757493?
False
Is 1432 a factor of 237899289?
False
Is 221 a factor of 78831704?
False
Does 13 divide 86458710?
True
Is 103153253 a multiple of 124?
False
Is 3357430594 a multiple of 3371?
False
Does 10 divide 11938654?
False
Is 128426624 a multiple of 30?
False
Is 5 a factor of 27903423?
False
Does 24 divide 39647490?
False
Does 96 divide 74018208?
True
Does 11 divide 1240600?
False
Does 21 divide 38002986?
True
Is 31 a factor of 408741045?
True
Does 111 divide 2493263796?
True
Is 1205109939 a multiple of 3325?
False
Does 390 divide 1440270?
True
Is 4986 a factor of 3143837538?
True
Is 2324 a factor of 169768844?
False
Is 39831612 a multiple of 1534?
False
Is 57597870 a multiple of 11?
True
Is 148362643 a multiple of 143?
True
Does 421 divide 111804387?
False
Is 9 a factor of 137835099?
True
Is 81824639 a multiple of 299?
True
Does 980 divide 78974280?
True
Is 64218170 a multiple of 110?
False
Is 6793078 a multiple of 132?
False
Is 7 a factor of 8222977?
True
Is 6256612 a multiple of 68?
True
Is 57 a factor of 141173382?
True
Is 64639817 a multiple of 30?
False
Is 6680545 a multiple of 181?
False
Is 208106377 a multiple of 554?
False
Does 1108 divide 1392756?
True
Does 115 divide 4272699?
False
Is 11589350 a multiple of 1031?
False
Is 26 a factor of 82044170?
True
Does 13 divide 4351309?
False
Does 622 divide 1284223496?
True
Is 1237 a factor of 57655777?
False
Is 93 a factor of 2763702?
False
Is 119738316 a multiple of 1224?
False
Is 2367 a factor of 2112556968?
True
Is 6943 a factor of 1330563463?
True
Does 1513 divide 505137745?
True
Is 5387813 even?
False
Is 1085346 a multiple of 21?
False
Is 3958889 a multiple of 2223?
False
Does 54 divide 10054212?
False
Does 356 divide 187464616?
True
Is 96 a factor of 97061430?
False
Is 2261 a factor of 417536609?
True
Is 3873 a factor of 6138705?
True
Is 20894986